e units digit of m?
2
Suppose 522 = -21*u + 27*u. What is the units digit of u?
7
Suppose 0 = -v - 0*v - 2. What is the units digit of v/(-12) + 308/24?
3
Suppose 0 = -2*j + 63 + 5. What is the units digit of j?
4
Let o(r) = r**3 + 5*r + 135. What is the units digit of o(0)?
5
Let a(t) = t**2 + 5*t - 1. Let i be a(-6). Suppose 0 = 4*r - 3*f - 59, 2*r - 5*f = i*r - 37. What is the tens digit of r?
1
Let m(l) = -l**2 - 9*l - 4. Suppose 0 = -h - 3*h - 24. What is the tens digit of m(h)?
1
Let j(v) = 7*v**2 - v + 9. Let q(n) = n**2 + n + 1. Let c(u) = j(u) - 6*q(u). Let m = -6 - -13. What is the units digit of c(m)?
3
Let f(x) = 2 + 0*x**2 + 7*x + 4*x**2 - 3*x**2. Let r be f(-6). Let u = -3 - r. What is the units digit of u?
1
Suppose -3*h = -h - 26. What is the tens digit of h?
1
Suppose 13 = -4*f + q, -4*f - 4*q - 19 = -3*q. Let l(m) = -2*m**3 - 3*m**2 + 8*m + 9. What is the units digit of l(f)?
7
Let t be -1 + 10*2/4. What is the units digit of t + -6 + 41 + 0?
9
Let u be 4/26 + (-1036)/(-26). Suppose -u - 156 = -4*d. What is the tens digit of d?
4
Let u(k) = -k**2 - 4*k + 4. Let r be u(-4). Suppose 2*i + 2*l = 4*l + 56, 4*l - 144 = -r*i. What is the tens digit of i?
3
Let t(j) = -47*j**3 - j**2. What is the units digit of t(-1)?
6
Suppose 5*v = -3*k + 223 + 231, 3*k - 5*v = 464. What is the hundreds digit of k?
1
Let n(l) = 2*l**2 + 3*l + 6. Let q be n(-4). Suppose -q = -w + 8. What is the tens digit of w?
3
Let c(p) = 2*p - 1. Let s(z) = -z - 9. Let w be s(-5). Let b = w + 7. What is the units digit of c(b)?
5
Let x(a) = a**3 - 12*a**2 + a - 10. Suppose -72 + 12 = -5*w. Let m be x(w). What is the units digit of (1 - (0 + m))*-1?
1
Suppose -57 = -5*w - 5*t + 4*t, -2*t = -4. Suppose 2*n + w = 63. What is the units digit of n?
6
Let c(t) = t + 14. Let u be c(-12). What is the units digit of (6/(-5) + u)*10?
8
Let z(s) = s**3 + 9*s**2 + 4*s + 7. What is the tens digit of z(-6)?
9
Let c = -29 - -51. What is the units digit of c?
2
Suppose -4*d = -4*l - 712, -d - 898 = -6*d + l. Suppose -7*a + d = -3*a. What is the tens digit of a?
4
Let t = -36 - -55. What is the units digit of t?
9
Let s(p) = p**2 - 4*p - 12. Let r be s(7). What is the tens digit of 3*r*(-1 + 2)?
2
Suppose 5*o + 0*o = -10, 5*o = -4*v + 114. What is the tens digit of v?
3
Let c(a) be the first derivative of 13*a**2/2 - a - 5. What is the tens digit of c(1)?
1
What is the tens digit of (29/(-2))/(6/(-12))?
2
Let v(z) = 5*z**2 + 4*z - 2*z - 3*z**2 + 3. Let s be v(-2). Let y = s - 2. What is the units digit of y?
5
Let h = 119 + -61. What is the units digit of h?
8
Suppose -p + 4*b + 9 = 1, 4*b = -12. Let l = -3 - p. What is the units digit of l?
1
Let z(n) = n + 3. What is the units digit of z(16)?
9
Let k be 156/30 + (-2)/10. Let z(x) = x**2 - 7*x - 2. Let y be z(k). What is the units digit of 1/(-4) - 51/y?
4
Let x(k) = -k**2 - 11*k + 7. What is the tens digit of x(-5)?
3
Suppose 9*d - 1116 = 3*d. What is the tens digit of d?
8
Suppose 3*a = -0*a - 78. Let v = 1 - a. Suppose v = 3*y - 0*y. What is the units digit of y?
9
Let b = -26 - -27. Let m = -5 + 7. What is the units digit of 7/m - b/2?
3
Let t = -231 - -399. What is the units digit of t?
8
Suppose 18 = -5*a + 4*a. Let f be 32/(-6) + (-8)/(-6). What is the units digit of (4/3)/(f/a)?
6
Suppose 14 = 5*w + 39, 5*w = 3*t - 28. Suppose -2*r + 3 = -t. What is the units digit of r?
2
Let c(l) = 9*l + 7. What is the units digit of c(5)?
2
Let n(s) = -s**2 + s + 1. Let a(g) = -3*g**2 + g + 1. Let k(r) = -2*a(r) + 5*n(r). What is the tens digit of k(-6)?
2
Let z be 6/5 - (-5)/(-25). Suppose -z = 5*v - 31. What is the units digit of v?
6
Let p(m) = 30*m + 7. What is the hundreds digit of p(6)?
1
Let m be 0*1*(-1)/2. Let a be 6/(2/1) - m. Suppose 0 = a*j + 4*r - 60, -2*j - 60 = -5*j - 5*r. What is the tens digit of j?
2
Let z = -10 - -14. Suppose -2*o = -z*o + 2, -w + 4*o = -2. What is the units digit of w?
6
What is the tens digit of (-3 + 3 + 1)/((-1)/(-12))?
1
Suppose 22*s = 20*s + 330. What is the units digit of s?
5
Suppose 0 = -3*v - 3*n + 9, 3*v - 2*n + n = -3. Suppose q + v*q - 8 = 0. What is the units digit of q?
8
Let j(z) = z - 5. Let c = 2 - -1. Let d be j(c). What is the units digit of 3*(0 + 1) + d?
1
Suppose 2*i - 1 = 7. Suppose -5*y - 2 - 7 = -b, 2*y + i*b = -8. Let k(s) = -s**3 - s**2 - s + 2. What is the units digit of k(y)?
8
Let g = -63 + 130. What is the tens digit of g?
6
Let v(b) = -6*b + 11. What is the units digit of v(-4)?
5
What is the tens digit of -5 - -34 - (2 - 1)?
2
Let p(n) = 1. Let u(r) = -1 + 0 + r + 6. Let i(t) = -4*p(t) + u(t). What is the units digit of i(1)?
2
Let y be (-27)/63 + 465/7. Suppose -69 - y = -3*u. What is the tens digit of u?
4
Suppose 5*g + 4*d + 14 - 137 = 0, 3*g - 5*d - 59 = 0. Suppose -g - 7 = -t - n, t - 26 = n. What is the tens digit of t?
2
Let c(m) = -9*m**3 - m - 2. Let x(t) = -5*t**3 - t - 1. Let f(g) = -3*c(g) + 5*x(g). Let s be (-2)/(-4) - 3/(-6). What is the units digit of f(s)?
1
Let a(d) = -d**3 + 4*d**2 - 3*d + 4. Let x be a(3). Suppose -6 - x = -5*t. What is the units digit of 2/2*t + 2?
4
Suppose 13*u - 9*u - 60 = 0. What is the tens digit of u?
1
Let b = -10 + 17. Suppose -3*k - 60 = -b*k. What is the units digit of k?
5
Suppose 5*c - 20 + 5 = 0. Suppose -c*j - 55 = -8*j. What is the units digit of j?
1
What is the units digit of 1/2*(6 - -124)?
5
Suppose -3*n - 2*x + 4 = 0, n + 0*n - 4 = 2*x. What is the units digit of (n + -3)*8/(-2)?
4
Suppose -3*z = -3 - 6. What is the units digit of (-17)/(-2) + z/(-6)?
8
Suppose -5*y + 10 = 5*r, -3*r + 3*y + 18 = -0*y. Let c be 2/(-8) + 5/r. What is the units digit of 8/1*(0 + c)?
8
Let f(r) = -r**3 + 7*r**2 - 6*r + 4. Let x be 4/(-6) + 40/6. What is the units digit of f(x)?
4
Let u(j) = -j - 1. Let h(w) = -15. Let y(a) = h(a) - 15*u(a). Suppose -3*b + 1 + 2 = 0. What is the units digit of y(b)?
5
Let q = 2 + -1. Let p(i) = -i + 0 + 0*i - q + 3. What is the units digit of p(0)?
2
Suppose 4*k - 5 = -0*a - 3*a, 3*k - 2 = -4*a. Suppose -k*w = 2*t + 3*w - 17, -5*t + 2*w = 1. What is the units digit of 6 - (-1)/t - 0?
7
Suppose 3*y + 2*n = 8, 0 = 2*y - 7*y + n - 4. Suppose y = -4*m + 6*m - 5*l - 12, 0 = 4*m - l - 24. What is the units digit of m?
6
Let h = -17 + 4. Let o = -2 - h. What is the units digit of o?
1
Let s be 10*(-3 + (-34)/(-10)). Suppose s = 3*i + 1. What is the units digit of i?
1
Let d(o) = 5*o + 1. Let w(y) = y**3 + 7*y**2 - 7*y + 11. Let c be w(-8). Let b = 5 - c. What is the units digit of d(b)?
1
What is the units digit of (-16)/20*-5 - 2?
2
Suppose 28 = -0*p - 4*p - 3*z, 0 = 4*p + 2*z + 28. Let c be (-257)/p + 6/21. Suppose 5*w = c + 8. What is the units digit of w?
9
Let f(m) = -m**3 - m**2 - 6. Let w be f(0). What is the units digit of (2/(-6))/1*w?
2
Suppose -1 + 7 = -3*j. What is the units digit of j + 8 + 1/1?
7
Let q(k) = -k**3 - 5*k**2 + 2*k - 7. Let o be q(-6). Suppose 3*d = -5 + o. What is the units digit of d?
4
What is the tens digit of -2 - 76*(-2 + 9/12)?
9
Suppose -2*y + 56 + 2 = 0. What is the tens digit of y?
2
Suppose -3*y + 18 = -0*y. Suppose 5*o + y = 11. What is the units digit of o?
1
Suppose -5*n + 6*n - 89 = 0. What is the tens digit of n?
8
Suppose 0*a + a - 8 = 0. Let c = -12 - -15. Let u = a - c. What is the units digit of u?
5
Suppose 2*z + z + 6 = 0. Let u(c) = -4*c - 3. Let x be u(z). Suppose 0 = 2*n - 7 - x. What is the units digit of n?
6
Suppose 15*u = 13*u + 72. What is the units digit of u?
6
Let b(v) = v**2 - v - 4. What is the tens digit of b(6)?
2
Suppose -3*h + 141 = 2*d, -2*h = -0 + 6. What is the tens digit of d?
7
Let r = 2 - 0. Suppose 2*k + r*k = 84. What is the tens digit of k?
2
Let a(r) = r**3 + 5*r**2 + 2*r - 2. Let z be a(-4). What is the tens digit of (111/z)/(2/4)?
3
Let n(o) = o**3 + 3*o**2 - 2*o - 3. Let s be n(-3). Suppose -4*f = f - 4*t - 99, -t + 73 = s*f. Suppose -f = -4*q + 53. What is the tens digit of q?
1
What is the tens digit of (-2)/6 - (-883)/3?
9
Suppose -3*p - 11 = -h, 5*p - 3*p + 9 = h. Let t be 3/1 + (-3 - p). Suppose -3*d = 2*f - 6 + 4, -3*f + t = 4*d. What is the units digit of d?
2
Let m(v) = v**2 - 3*v + 2. What is the tens digit of m(-8)?
9
Let v = 14 + -11. Suppose v*b = 46 - 4. What is the units digit of b?
4
Suppose 13*m = 10*m + 6